et a = -3731 - -5665. Let k = a - 1357. What is the tens digit of k?
7
Suppose z + 4*s = -57 + 15, 0 = -5*z - s - 191. Let n = z + 38. What is the tens digit of (n + 2)*(-2 + 45 - 1)?
8
Suppose -4*z = -2*a + 26, 0*z - 14 = -3*a + z. Suppose -80 = a*t + 175. Let w = 197 + t. What is the hundreds digit of w?
1
Suppose 13*h - 16*h = -3*k - 48063, -2*h + 32051 = -5*k. What is the units digit of h?
8
Let p(j) be the third derivative of 4*j**3 + 0 + 0*j - 5*j**2 - 7/24*j**4. What is the units digit of p(-9)?
7
Let c(k) = -k + 14. Let z be c(16). What is the hundreds digit of (-3956)/(-28) - (12/(-21))/z?
1
Let s(x) = -7*x + 75. Let d be s(10). Suppose 3*t - 4*g - 1932 = -t, -5*g = -d. What is the tens digit of t?
8
Let d be 6/10 - 2691/(-65). Let y be (-10)/(-8)*4 + -37. Let k = d + y. What is the units digit of k?
0
Let g be -2 + 15/(-9) - (-1)/(-3). Let d(i) = 7*i**2 + 7*i - 1. Let p(x) = -14*x**2 - 13*x + 2. Let l(m) = g*p(m) - 7*d(m). What is the units digit of l(2)?
3
Suppose -24*p + 71626 + 152463 = 74665. What is the hundreds digit of p?
2
Let i be (2/1)/(3 + 30/(-12)). Suppose i*v = -2*t + 506, -t + 4*v = -114 - 133. What is the tens digit of t?
5
Let y(l) = -434*l + 143*l - 3 + 147*l + 142*l - 360*l**3. What is the hundreds digit of y(-1)?
3
Suppose 0 = -4*p - 4*t + t - 4, -5*t - 14 = 3*p. Suppose 2 - p = -11*q. Suppose h = -3, 0 = -2*y - q*h + 5*h + 41. What is the tens digit of y?
1
Let o be -5*6/35*(-28)/6. Suppose -o*d = -h - 12, -d + 4*d = -5*h + 9. Suppose 2*n = h, -m + 4*n + 136 = -0*m. What is the hundreds digit of m?
1
Let n = -22767 + 34470. What is the units digit of n?
3
Suppose -7328 = -o - 7*o. Let d = -191 + o. What is the hundreds digit of d?
7
Let r(l) = -6422*l + 7100. What is the ten thousands digit of r(-8)?
5
Suppose z + 5*u = 389 - 78, 5*u = -5*z + 1655. Suppose 321 = 2*s + 6*q - 5*q, 2*s - 2*q = z. What is the units digit of s?
3
Let o = 16005 - -10293. What is the ten thousands digit of o?
2
Suppose -o + 5*i = 2*i - 2040, -8116 = -4*o + i. What is the thousands digit of o?
2
Suppose -2*y + 35 = z, 5*y - 3*z - 39 = 2*y. Let n = y + -13. Suppose b - n*a - 204 = 7, -a - 985 = -5*b. What is the hundreds digit of b?
1
Let u(l) = -l**3 + 18*l**2 - 81*l. Let z be u(9). What is the hundreds digit of (z - 1)*(1572/(-2) + 0)?
7
Let o(m) = 4*m**3 + 110*m**2 + 23*m - 34. What is the hundreds digit of o(-10)?
7
Let h(o) = 8*o**3 + 2*o**2 + 69*o - 84. What is the units digit of h(10)?
6
Let c = -120 + 84. Let b be (-1218)/(-4) - c/24. Suppose 0 = 2*g - 5*o + 35 - b, g = 4*o + 140. What is the tens digit of g?
2
Suppose 5*u + 11577 = 3*c, -4*u = 5*c - 10*c + 19295. What is the thousands digit of c?
3
Suppose -18 + 58 = 2*i + 2*r, 2*r = 4. Suppose -i*t + 14*t - 168 = 0. Let s = t - -96. What is the tens digit of s?
5
Let p = -58 - -61. Suppose 2*h + 30 = 2*q - p*h, 4*h = -16. Suppose 0 = 3*s - 5 - 4, -q*s = -3*i + 501. What is the hundreds digit of i?
1
Suppose -464361 = -35*k + 125249. What is the units digit of k?
6
Let s = -49 - -25. Let m = 133 + s. Suppose -2*z = -3*v - 47, 2*z - 3*v = -2*z + m. What is the units digit of z?
1
Suppose 9 = 2*r - f, -5*r + 8 = -2*r + 4*f. Suppose 8 = 4*d, -660 = -r*x + 5*d - d. What is the tens digit of x?
6
Suppose 120 = -4*t + 4*g, 2*t + 50 = 4*g - 0*g. Let h = 1513 - t. What is the units digit of h?
8
Let j(a) = 14*a + 31. Let x be j(-2). Suppose 5 = 3*h + 14, -2*t = x*h - 419. What is the units digit of t?
4
Let b(i) = -154*i + 75. Let w be b(-7). Suppose 7*p + 89 = w. What is the hundreds digit of p?
1
Let k = 220 - -830. Let g = k - -401. What is the tens digit of g?
5
What is the thousands digit of (4/(-30) - ((-580)/(-150) + 2)) + 12287?
2
Let d(p) = -p + 20. Let i be d(9). Suppose -i*z - 477 = -2732. What is the tens digit of z?
0
Suppose -5*i = 4*b - 13304, 4*i + 5325 = 6*i + 5*b. What is the thousands digit of i?
2
Suppose -20*y + 335914 + 160346 = 0. What is the thousands digit of y?
4
Let u = 1813 - -2577. What is the units digit of u?
0
Suppose 9*u = 0, -5*n + 14677 + 17083 = -4*u. What is the hundreds digit of n?
3
Suppose -11*u + 38*u = -16956. Let v = u + 1080. What is the tens digit of v?
5
Let h(b) = 37*b**3 + 4*b**2 + 24*b - 73. What is the units digit of h(5)?
2
Let c be (-1)/2*-6 - (32 - 19). Let f(x) = x**3 + 9*x**2 - 13*x - 3. Let y be f(c). Let z = y + 133. What is the tens digit of z?
6
Let c(p) = -201*p - 6. Let j(d) = 2*d + 18. Let y be j(-9). Suppose 0 = 5*o - y*o, 2*o = -3*z - 3. What is the units digit of c(z)?
5
Let n(t) = -36*t + 1701. Let h be n(47). Let f(w) = 4*w + 2*w + 10*w**2 - w**3 + 11 + 2*w. What is the hundreds digit of f(h)?
1
Suppose 34 = 6*n + 118. Let b = 192 - n. What is the tens digit of b?
0
Suppose 5*p - f + 3575 = 20495, -6790 = -2*p - 4*f. What is the thousands digit of p?
3
Let o(f) be the second derivative of f**4/2 + 2*f**3 - 21*f**2 - 85*f. What is the units digit of o(7)?
6
Let y = 733 + -727. What is the units digit of y?
6
Let c = -583 - -576. What is the tens digit of -2 - (-522 - (c + 4))?
1
Let o = 8330 + 323. What is the thousands digit of o?
8
Let j be (22 - -4)/2 + -8. Suppose j*y + 4*f = 6949 + 1322, 0 = 3*y - f - 4949. What is the tens digit of y?
5
Suppose 0 = -5*s - 6*s - s. Suppose 5*w - 5*x - 425 = s, -3*w = -2*w + 3*x - 65. What is the tens digit of w?
8
Let m(z) = -z**3 + 15*z**2 - 7*z - 11. Let k be (-24)/(-18) + 64/6. What is the hundreds digit of m(k)?
3
Let s = -14587 + 37140. What is the thousands digit of s?
2
Suppose -7518 = -22*q + 1876. What is the hundreds digit of q + 1 - (4 + -6)?
4
Let y = -110 - -116. What is the tens digit of 4 - (-202)/4*y?
0
Let n = -30 - -30. Suppose -h - 3*g + 850 = g, 2*h - g - 1718 = n. What is the hundreds digit of h?
8
Let j(k) be the first derivative of 2*k**3/3 + k**2 - 5*k + 18. Let a be j(0). What is the units digit of (2 - (-2 - a)) + 47?
6
What is the hundreds digit of (-512 + 170)*514/(-6)?
2
Suppose 21*x + 5*l - 157121 = 0, 5*x + 4*l - 37421 = -0*l. What is the units digit of x?
1
Let j(q) = -q**3 - 33*q**2 + 54*q - 53. Let y be j(-36). Suppose -3*x = -u - y, 4*u + 927 = -5*x + 4107. What is the tens digit of x?
3
Suppose -13*k + 24 = -11*k. Suppose 4 = v + k. What is the units digit of (-123)/(-6) - 4/v*1?
1
What is the units digit of 1/3*(-24454602)/(-289)?
6
Suppose -7*v + 81 = 60. Suppose -2*g - 2*c = -2758, -3*g + 2*c = v*c - 4129. What is the hundreds digit of g?
3
Let h = -8352 + 12933. What is the thousands digit of h?
4
What is the hundreds digit of (-47)/188*(-29942 + -2)?
4
Let y = 98 + -101. Let n be y/((-66)/4) - (-7584)/33. Suppose -2*g = -z - n, 3*g + 5*z - 108 = 263. What is the units digit of g?
7
Let d(y) = 5*y. Let x be d(1). Suppose 0 = -3*n - 9, 7 = -4*a - 5*n - 0*n. Suppose -x*c = -a*c - 246. What is the units digit of c?
2
Suppose -12*c + 8568 = -3*c. Suppose 7653 = 5*r + d, -3*d - 5159 - c = -4*r. What is the thousands digit of r?
1
Let c(t) = -59*t + 32. Let q be c(-6). Let m = q + -142. What is the hundreds digit of m?
2
Suppose z - 84 = -116. Let i = 34 + z. Suppose 2*x + t - 106 = x, -233 = -i*x + 5*t. What is the tens digit of x?
0
Suppose -10*j + 51567 = -11083. What is the thousands digit of j?
6
Let a(b) = 24 + 128*b - 228*b + 114*b. Let h(p) = p - 2. Let i be h(13). What is the tens digit of a(i)?
7
Let j be ((-30)/40)/(4/(-256)*1). Suppose 4*k + j*r - 52*r - 920 = 0, -2*k = 4*r - 460. What is the hundreds digit of k?
2
Suppose 20*x + 2*x - 44 = 0. Suppose b + x*j = 832, 0 = b - 0*b + 5*j - 829. What is the tens digit of b?
3
What is the tens digit of (-2 - 1) + (-3 - (-24)/(-3))*-1107?
7
Suppose 2*o - 32 = -2*o. Suppose 11*v = o*v + 120. Suppose 0 = -4*m + v. What is the tens digit of m?
1
Let z(o) = -o**2 - 4*o + 1. Let c be z(-3). Suppose -19 = -c*g + 13. Suppose -6*m + 364 = g*m. What is the tens digit of m?
2
Suppose z - 3*u = -7, 3*z - 13 = 2*z - 2*u. Suppose -z*s - 3 = -28. Suppose -5*f + 3 = 5*h - 27, 2*f + s*h = -3. What is the tens digit of f?
1
Let u = 815 - 423. Let t = u - -32. What is the hundreds digit of t?
4
Let w = 38645 - 21771. What is the units digit of w?
4
Let z(y) = -83*y**2 - 151 + 163*y**2 - 9*y + 3*y - 79*y**2 - 10*y. What is the hundreds digit of z(-23)?
7
Suppose -3*z + 2 + 1 = 0, 0 = r - 3*z - 504. Let s = 797